 + t = 14. What is the remainder when m is divided by 3?
0
Let z = 348 + 411. Let u = z - 704. Calculate the remainder when 713 is divided by u.
53
Let n be (6/(-15))/(-1) - 1410/25. Let t = 121 + n. What is the remainder when t is divided by 23?
19
Let d = 4514 - 4454. Calculate the remainder when 170 is divided by d.
50
Let f(c) = -c**2 - 3*c + 90. Let a be f(9). What is the remainder when 58 is divided by 14 + (a/(-45) - 12/5)?
10
Suppose -2129 = -11*u + 10147. Calculate the remainder when u is divided by 10.
6
Let j = 15991 + -15898. What is the remainder when 188 is divided by j?
2
Suppose -40615*p + 644 = -40608*p. Suppose 2*g + 3309 = 3*z, 0*g = 4*z - 3*g - 4412. What is the remainder when z is divided by p?
91
Let n(w) be the third derivative of 33*w**4/8 - 36*w**3 - 10*w**2. What is the remainder when 320 is divided by n(3)?
77
Let s(t) = t**3 - 19*t**2 + 21*t - 42. Suppose -7*j + 10*j - 54 = 0. Calculate the remainder when 599 is divided by s(j).
11
Suppose 24 = -7*u + 8*u. What is the remainder when (-8)/(u/(-351)) + 4 is divided by 28?
9
Let d(u) = 3*u**3 + 35*u**2 + 41*u + 32. Calculate the remainder when d(-10) is divided by 5.
2
Let n = 377 + -142. Suppose -135 + 975 = 14*t. What is the remainder when n is divided by t?
55
Let m = 192 - 7. Suppose m = 3*r + 59. Let z = -10792 - -10803. Calculate the remainder when r is divided by z.
9
Let i(k) = -2*k - 11. Let l be i(-10). Let d(q) = 19*q - 3. Let c be d(l). Let a = c + -35. Calculate the remainder when a is divided by 34.
31
Let f(r) = r**3 - 3*r**2 + 2*r + 3. Suppose -152 = -60*w + 28. What is the remainder when 30 is divided by f(w)?
3
Suppose 15*x = 4*x + 3597. Calculate the remainder when (-10 - -13)/(-1 - x/(-318)) is divided by 16.
10
Let w be (-1 + (-11)/4)*-4. Let s be (-12)/w*-5*(-2)/1. What is the remainder when 11 is divided by (-8)/6*(108/s)/9?
1
Suppose -8*j = -654 - 226. Suppose 0*b - 2*i = 2*b - j, 2*b = -3*i + 105. Let w = -35 + b. Calculate the remainder when w is divided by 7.
4
Let v = -2359 + 2397. What is the remainder when 189 is divided by v?
37
Let d(p) = 10*p - 27. Let v be d(3). Let b be 4 + 93/v + 5. Let y = b + 10. Calculate the remainder when 146 is divided by y.
46
Let v = 320 + -704. Let u = 399 + v. Calculate the remainder when 43 is divided by u.
13
Suppose -5*s = 4*l - 75, -4*l - 8 = -3*s + l. Let b = 639 + -467. What is the remainder when b is divided by s?
7
Let h = 435 + -259. What is the remainder when 286/3*3/2 - 0 is divided by h/6 - 2/6?
27
Suppose 2*d + i = -2*d + 1386, -d - 4*i + 324 = 0. Calculate the remainder when d is divided by 184.
164
Suppose 22 = m + 3*u, 2*m + 0*u = -3*u + 62. Let k = 43 + -23. Calculate the remainder when m is divided by k.
0
Let u = 6 + 17. Suppose -20*m = -u*m + 15. Calculate the remainder when 0 + 5 + (-13)/(-1) is divided by m.
3
Let a(j) = -j**2 + 5*j - 14. Let w be a(6). Let z = -3 - w. Suppose -q + 4*y = -0*q - 27, 18 = 4*q + 2*y. Calculate the remainder when z is divided by q.
3
Let m(k) = k**3 - 41*k**2 - 2*k + 333. What is the remainder when 264 is divided by m(41)?
13
Suppose -31 = -3*d + 5*w, 2*d + 27 - 39 = -w. Let g be (256/3)/((-4)/(-18)). Suppose g = d*u - u. What is the remainder when u is divided by 33?
31
Suppose 0 = -2*p - 0*p + 318. Let f(n) = 2*n**3 - 20*n**2 + 69*n - 419. Calculate the remainder when p is divided by f(9).
39
Suppose -3*r + 308 = -r. What is the remainder when r is divided by (-64)/(-2) - ((-60)/(-24) - 5)*-2?
19
Let a be (-3312)/(-108) - (2/(-6) + 1). Suppose 34*y - a*y + 20 = 0. Let u(z) = 8*z**2 + 2*z + 1. What is the remainder when u(y) is divided by 48?
47
Suppose -2*c = -5*o - 188, 4*o - 61 = -c + 7. Calculate the remainder when 447 is divided by 78/91*c/8.
6
Let c be (-8)/14 - (-468)/(-14). Calculate the remainder when 78 is divided by 30 + c - (0 + -21*1).
10
Let k be -10 + (-1)/3 + 1/3. Let m = 19 - k. Suppose s + 4*s - 30 = 0. What is the remainder when m is divided by s?
5
Let w = 9 - 8. What is the remainder when 30 + w*3/(-3) is divided by 4?
1
Let n(y) = -y**3 - 3*y**2 - 4*y - 4. Let m be n(-3). What is the remainder when 103 is divided by (-4)/6*(m - (-330)/(-12))?
12
Suppose 0*a - 3*a + 3 = 0. Let z = 24 - a. Suppose -491*h + 490*h + 52 = 5*o, 5*h + 4*o - 323 = 0. What is the remainder when h is divided by z?
21
Suppose 2*l - 2 = 0, 0*v - 3*v - 3*l = -627. Let h = -155 + 164. Suppose h*w - 193 = 284. What is the remainder when v is divided by w?
49
Suppose -3 - 144 = -3*j + 3*t, -4*j = 5*t - 160. Suppose 48*c = j*c + 66. What is the remainder when 46 is divided by c/77 + 332/14 - 0?
22
Suppose -7*d = -27*d - 20*d + 6560. Calculate the remainder when 668 is divided by d.
12
Suppose w + 0*n + 3*n - 138 = 0, n = 4*w - 578. Let z = -44 + w. What is the remainder when z is divided by 35?
30
Let x = -257 - -269. Suppose 3*m + j = 21, -3*j = j + x. Let l = 8 + -5. What is the remainder when m is divided by l?
2
Let x = 7 + -7. Suppose 5*c + 3 = -2*r, 25 = -5*c - x*c. Let i(a) = -a**3 - 8*a**2 + 29*a + 202. What is the remainder when i(-9) is divided by r?
0
Let v = 186 + -173. Suppose -7*k = v*k - 17560. Calculate the remainder when k is divided by 11.
9
Suppose -496*h - 246*h + 8904 = 0. Suppose a + o - 162 = 0, -a + 3*o = 2*a - 504. What is the remainder when a is divided by h?
9
Let s = 6936 - 6900. What is the remainder when 1134 is divided by s?
18
Let x = -19304 - -19373. What is the remainder when 2193 is divided by x?
54
Suppose 2*j - 4 = 0, -5*u + 12 = 2*j - 107. Suppose 5*q = 32 + u. Let n = 108969 - 108928. Calculate the remainder when n is divided by q.
8
Let m(d) = -d**2 + 137*d - 1264. Let o be m(127). Let a(r) = 8*r**2 - 4*r**2 - r**3 + 8 - r + 3*r**2. What is the remainder when 187 is divided by a(o)?
35
Let l = 9220 + -9204. Calculate the remainder when 235 is divided by l.
11
Let y = 1166 - 767. What is the remainder when y is divided by 13?
9
Suppose 2*v - 71 = -m, 230*m = 225*m - 5*v + 355. What is the remainder when 163 is divided by m?
21
What is the remainder when 1007 is divided by 6 + (-4)/7*2541/(-6)?
15
Suppose 3*i = 2*i + 7. Let r(k) = -8*k + 24. Let p be r(i). Calculate the remainder when 47 is divided by p/(-6)*(-15)/(-5).
15
Suppose o - 6 = 2*a, 4*o - a - 3*a - 8 = 0. Let c(t) = -9*t**3 + 3*t**2 + t - 2. Calculate the remainder when c(o) is divided by 43.
37
Let q(u) = -u**3 + 106*u**2 - 397*u + 745. Calculate the remainder when q(102) is divided by 615.
22
Let l = -330 - -335. Let u(f) = 24*f - 61. What is the remainder when 228 is divided by u(l)?
51
Suppose 4*q - 20 = 0, 4*m + 3*q - 7*q = -8. Suppose m*k - 11 = 7. Let n = 103250 + -103211. Calculate the remainder when n is divided by k.
3
Suppose 26*g = 22*g + 120. Suppose 0*z - 4*z = -2*u + 24, 2*u - z = g. Suppose -4*k - 6 + 26 = 0. What is the remainder when u is divided by k?
1
Let i = 2243 + -2211. What is the remainder when 543 is divided by i?
31
Let c = -206 - -542. Calculate the remainder when c is divided by 13.
11
Calculate the remainder when 226 is divided by (14/6)/((-1246)/(-5340)).
6
Calculate the remainder when -34 + (-8954)/(-259) + (-16120)/(-14) is divided by 382.
6
Let z(y) = y**2 + 31*y - 1074. Let v = -8 + 18. Calculate the remainder when z(-52) is divided by v.
8
Let i(p) = -p**2 + 12*p - 9. Let j be i(7). Let v = -682 - -690. Suppose -v*u - j = -50. What is the remainder when 7 is divided by u?
1
Suppose 6*l + 200 = 11*l. Suppose 43*c - l*c - 150 = 0. Calculate the remainder when c is divided by 12.
2
Let r(i) = -4*i**3 + 7*i - 6*i - 3*i - 3*i**2. Let f be -4 + (-1 + 1 - (-2 - 0)). Calculate the remainder when 69 is divided by r(f).
21
Let i = 15 + 9. Let u = i + -10. Calculate the remainder when u is divided by 200/80*(-42)/(-15).
0
Suppose -2*n = 2*x - 110, -3*n + 0*n + 167 = 4*x. Let p = 1245327 + -1245319. Calculate the remainder when n is divided by p.
5
Let b(n) = -n**3 - 17*n**2 - 4*n - 29. Let o = -79 + 61. Calculate the remainder when b(o) is divided by 37.
34
Suppose -p + 6*y - 168 = 3*y, -4*y = -4*p - 712. Let g = 196 + p. Let t(i) = 12*i + 1. What is the remainder when t(4) is divided by g?
10
What is the remainder when 142 is divided by ((-12)/27 - 16456/(-3168))/(2/16)?
28
Let q(g) = 186*g**3 + 35*g**2 - 72*g - 6. Calculate the remainde